{"id":464,"date":"2017-10-04T14:34:43","date_gmt":"2017-10-04T13:34:43","guid":{"rendered":"http:\/\/escuelademusicaydanza.laorotava.es\/blog\/?page_id=464"},"modified":"2025-11-17T13:43:37","modified_gmt":"2025-11-17T13:43:37","slug":"departamento-de-cuerda","status":"publish","type":"page","link":"https:\/\/escuelademusicaydanza.laorotava.es\/blog\/departamento-de-cuerda\/","title":{"rendered":"Departamento de Cuerda"},"content":{"rendered":"<h3><img loading=\"lazy\" decoding=\"async\" data-attachment-id=\"2710\" data-permalink=\"https:\/\/escuelademusicaydanza.laorotava.es\/blog\/departamento-de-cuerda\/dscf0638\/\" data-orig-file=\"https:\/\/escuelademusicaydanza.laorotava.es\/blog\/wp-content\/uploads\/2021\/11\/dscf0638-scaled.jpg\" data-orig-size=\"2560,1707\" data-comments-opened=\"1\" data-image-meta=\"{&quot;aperture&quot;:&quot;6.4&quot;,&quot;credit&quot;:&quot;&quot;,&quot;camera&quot;:&quot;X-T4&quot;,&quot;caption&quot;:&quot;&quot;,&quot;created_timestamp&quot;:&quot;1634724889&quot;,&quot;copyright&quot;:&quot;&quot;,&quot;focal_length&quot;:&quot;23&quot;,&quot;iso&quot;:&quot;500&quot;,&quot;shutter_speed&quot;:&quot;0.016666666666667&quot;,&quot;title&quot;:&quot;&quot;,&quot;orientation&quot;:&quot;0&quot;}\" data-image-title=\"CUERDA-DSCF0638\" data-image-description=\"\" data-image-caption=\"\" data-medium-file=\"https:\/\/escuelademusicaydanza.laorotava.es\/blog\/wp-content\/uploads\/2021\/11\/dscf0638-300x200.jpg\" data-large-file=\"https:\/\/escuelademusicaydanza.laorotava.es\/blog\/wp-content\/uploads\/2021\/11\/dscf0638-1024x683.jpg\" class=\"alignnone size-medium wp-image-2710 aligncenter\" src=\"https:\/\/escuelademusicaydanza.laorotava.es\/blog\/wp-content\/uploads\/2021\/11\/dscf0638-300x200.jpg\" alt=\"\" width=\"300\" height=\"200\" srcset=\"https:\/\/escuelademusicaydanza.laorotava.es\/blog\/wp-content\/uploads\/2021\/11\/dscf0638-300x200.jpg 300w, https:\/\/escuelademusicaydanza.laorotava.es\/blog\/wp-content\/uploads\/2021\/11\/dscf0638-1024x683.jpg 1024w, https:\/\/escuelademusicaydanza.laorotava.es\/blog\/wp-content\/uploads\/2021\/11\/dscf0638-768x512.jpg 768w, https:\/\/escuelademusicaydanza.laorotava.es\/blog\/wp-content\/uploads\/2021\/11\/dscf0638-1536x1024.jpg 1536w, https:\/\/escuelademusicaydanza.laorotava.es\/blog\/wp-content\/uploads\/2021\/11\/dscf0638-2048x1365.jpg 2048w, https:\/\/escuelademusicaydanza.laorotava.es\/blog\/wp-content\/uploads\/2021\/11\/dscf0638-772x515.jpg 772w, https:\/\/escuelademusicaydanza.laorotava.es\/blog\/wp-content\/uploads\/2021\/11\/dscf0638-624x416.jpg 624w\" sizes=\"auto, (max-width: 300px) 100vw, 300px\" \/><\/h3>\n<p><span style=\"text-decoration: underline;\"><strong>PLAN DE ESTUDIOS &#8211; DEPARTAMENTO DE CUERDA<\/strong><\/span><\/p>\n<div><\/div>\n<div><\/div>\n<h3><i class=\"fa fa-book \" ><\/i> Actuaciones<\/h3>\n<div style=\"width: 700px;\" class=\"wp-video\"><!--[if lt IE 9]><script>document.createElement('video');<\/script><![endif]-->\n<video class=\"wp-video-shortcode\" id=\"video-464-1\" width=\"700\" height=\"396\" preload=\"metadata\" controls=\"controls\"><source type=\"video\/mp4\" src=\"https:\/\/escuelademusicaydanza.laorotava.es\/blog\/wp-content\/uploads\/2018\/10\/cuerda--directo-escuela-de-municipal-de-musica-y-danza-villa-de-la-orotava.mp4?_=1\" \/><a href=\"https:\/\/escuelademusicaydanza.laorotava.es\/blog\/wp-content\/uploads\/2018\/10\/cuerda--directo-escuela-de-municipal-de-musica-y-danza-villa-de-la-orotava.mp4\">https:\/\/escuelademusicaydanza.laorotava.es\/blog\/wp-content\/uploads\/2018\/10\/cuerda--directo-escuela-de-municipal-de-musica-y-danza-villa-de-la-orotava.mp4<\/a><\/video><\/div>\n<h3><\/h3>\n<h3><i class=\"fa fa-user-circle \" ><\/i> Jefa de Departamento<\/h3>\n<p style=\"padding-left: 30px;\"><i class=\"fa fa-arrow-right \" ><\/i>\u00a0<a href=\"https:\/\/escuelademusicaydanza.laorotava.es\/blog\/profesores\/maria-almudena-hernandez-garcia\/\">Almudena Hern\u00e1ndez Garc\u00eda<\/a><\/p>\n<p><a href=\"https:\/\/escuelademusicaydanza.laorotava.es\/blog\/wp-content\/uploads\/2025\/11\/cuerda_programacion_departamento-25_26.pdf\">CUERDA_PROGRAMACI\u00d3N_DEPARTAMENTO 25_26<\/a><\/p>\n<hr \/>\n<h3><i class=\"fa fa-book \" ><\/i> Especialidades<\/h3>\n<h4><i class=\"fa fa-arrow-circle-right \" ><\/i> Viol\u00edn y Viola<\/h4>\n<i class=\"fa fa-arrow-right \" ><\/i>\u00a0<a href=\"https:\/\/escuelademusicaydanza.laorotava.es\/blog\/profesores\/olivia-pehme\/\">Olivia Pehme Oulanoff<\/a><\/p>\n<i class=\"fa fa-book \" ><\/i> Programaciones<\/p>\n<p><a href=\"https:\/\/escuelademusicaydanza.laorotava.es\/blog\/wp-content\/uploads\/2025\/11\/cuerda_progamacion_violin-25_26.pdf\">CUERDA_PROGAMACI\u00d3N_VIOL\u00cdN 25_26<\/a><\/p>\n<p><a href=\"https:\/\/escuelademusicaydanza.laorotava.es\/blog\/wp-content\/uploads\/2025\/11\/cuerda_programacion_viola-25_26.pdf\">CUERDA_PROGRAMACI\u00d3N_VIOLA 25_26<\/a><\/p>\n<h4><i class=\"fa fa-arrow-circle-right \" ><\/i> Violonchelo y Contrabajo<\/h4>\n<p style=\"padding-left: 30px;\"><i class=\"fa fa-arrow-right \" ><\/i>\u00a0<a href=\"https:\/\/escuelademusicaydanza.laorotava.es\/blog\/profesores\/paula-hernandez-dionis\/\">Jos\u00e9 Mar\u00eda Cuadra P\u00e9rez<\/a><\/p>\n<p>\u00a0 \u00a0 \u00a0 \u00a0 \u00a0 \u00a0 <i class=\"fa fa-book \" ><\/i> Programaciones<\/p>\n<p><a href=\"https:\/\/escuelademusicaydanza.laorotava.es\/blog\/wp-content\/uploads\/2025\/11\/cuerda_programacion_violonchelo_contrabajo-25_26.pdf\">CUERDA_PROGRAMACI\u00d3N_VIOLONCHELO_CONTRABAJO 25_26<\/a><\/p>\n<h4><i class=\"fa fa-arrow-circle-right \" ><\/i> Guitarra y Acompa\u00f1amiento<\/h4>\n<i class=\"fa fa-arrow-right \" ><\/i>\u00a0<a href=\"https:\/\/escuelademusicaydanza.laorotava.es\/blog\/profesores\/maria-almudena-hernandez-garcia\/\">Almudena Hern\u00e1ndez Garc\u00eda<\/a><\/p>\n<i class=\"fa fa-book \" ><\/i> Programaciones<\/p>\n<p><a href=\"https:\/\/escuelademusicaydanza.laorotava.es\/blog\/wp-content\/uploads\/2025\/11\/cuerda_programacion_-guitarra-25_26.pdf\">CUERDA_PROGRAMACI\u00d3N_ GUITARRA 25_26<\/a><\/p>\n<p><a href=\"https:\/\/escuelademusicaydanza.laorotava.es\/blog\/wp-content\/uploads\/2025\/11\/cuerda_programacion_acompanamiento_guitarra-25_26.pdf\">CUERDA_PROGRAMACI\u00d3N_ACOMPA\u00d1AMIENTO_GUITARRA 25_26<\/a><\/p>\n<h4><i class=\"fa fa-arrow-circle-right \" ><\/i> Timple<\/h4>\n<p style=\"padding-left: 30px;\"><i class=\"fa fa-arrow-right \" ><\/i>\u00a0<a href=\"https:\/\/escuelademusicaydanza.laorotava.es\/blog\/profesores\/pedro-izquierdo-gonzalez\/\">David Duque Infante<\/a><\/p>\n<p>\u00a0 \u00a0 \u00a0 \u00a0 \u00a0 \u00a0 \u00a0 \u00a0<i class=\"fa fa-book \" ><\/i> Programaci\u00f3n<\/p>\n<p><a href=\"https:\/\/escuelademusicaydanza.laorotava.es\/blog\/wp-content\/uploads\/2025\/11\/cuerda_programacion_timple-25_26.pdf\">CUERDA_PROGRAMACI\u00d3N_TIMPLE 25_26<\/a><\/p>\n<h4><i class=\"fa fa-arrow-circle-right \" ><\/i> Orquesta de Cuerda<\/h4>\n<p style=\"padding-left: 30px;\"><i class=\"fa fa-arrow-right \" ><\/i><a href=\"https:\/\/escuelademusicaydanza.laorotava.es\/blog\/profesores\/jose-maria-cuadra-perez\/\">Jos\u00e9 Mar\u00eda Cuadra P\u00e9rez<\/a><\/p>\n<p>\u00a0 \u00a0 \u00a0 \u00a0 \u00a0 \u00a0 \u00a0\u00a0 \u00a0 \u00a0<i class=\"fa fa-book \" ><\/i> Programaci\u00f3n<\/p>\n<p><a href=\"https:\/\/escuelademusicaydanza.laorotava.es\/blog\/wp-content\/uploads\/2025\/11\/programacion-de-la-asignatura-de-orquesta.pdf\">CUERDA_PROGRAMACI\u00d3N ORQUESTA 25_26<\/a><\/p>\n","protected":false},"excerpt":{"rendered":"<p>PLAN DE ESTUDIOS &#8211; DEPARTAMENTO DE CUERDA Actuaciones Jefa de Departamento \u00a0Almudena Hern\u00e1ndez Garc\u00eda CUERDA_PROGRAMACI\u00d3N_DEPARTAMENTO 25_26 Especialidades Viol\u00edn y Viola \u00a0Olivia Pehme Oulanoff Programaciones CUERDA_PROGAMACI\u00d3N_VIOL\u00cdN 25_26 CUERDA_PROGRAMACI\u00d3N_VIOLA 25_26 Violonchelo y Contrabajo \u00a0Jos\u00e9 Mar\u00eda Cuadra P\u00e9rez \u00a0 \u00a0 \u00a0 \u00a0 \u00a0 \u00a0 Programaciones CUERDA_PROGRAMACI\u00d3N_VIOLONCHELO_CONTRABAJO 25_26 Guitarra y Acompa\u00f1amiento \u00a0Almudena Hern\u00e1ndez Garc\u00eda Programaciones CUERDA_PROGRAMACI\u00d3N_ GUITARRA 25_26 CUERDA_PROGRAMACI\u00d3N_ACOMPA\u00d1AMIENTO_GUITARRA &hellip; <a href=\"https:\/\/escuelademusicaydanza.laorotava.es\/blog\/departamento-de-cuerda\/\" class=\"more-link\">Sigue leyendo <span class=\"screen-reader-text\">Departamento de Cuerda<\/span><\/a><\/p>\n","protected":false},"author":14,"featured_media":0,"parent":0,"menu_order":0,"comment_status":"closed","ping_status":"closed","template":"","meta":{"jetpack_post_was_ever_published":false,"footnotes":""},"class_list":["post-464","page","type-page","status-publish","hentry"],"jetpack_sharing_enabled":true,"jetpack_likes_enabled":true,"jetpack-related-posts":[],"_links":{"self":[{"href":"https:\/\/escuelademusicaydanza.laorotava.es\/blog\/wp-json\/wp\/v2\/pages\/464","targetHints":{"allow":["GET"]}}],"collection":[{"href":"https:\/\/escuelademusicaydanza.laorotava.es\/blog\/wp-json\/wp\/v2\/pages"}],"about":[{"href":"https:\/\/escuelademusicaydanza.laorotava.es\/blog\/wp-json\/wp\/v2\/types\/page"}],"author":[{"embeddable":true,"href":"https:\/\/escuelademusicaydanza.laorotava.es\/blog\/wp-json\/wp\/v2\/users\/14"}],"replies":[{"embeddable":true,"href":"https:\/\/escuelademusicaydanza.laorotava.es\/blog\/wp-json\/wp\/v2\/comments?post=464"}],"version-history":[{"count":53,"href":"https:\/\/escuelademusicaydanza.laorotava.es\/blog\/wp-json\/wp\/v2\/pages\/464\/revisions"}],"predecessor-version":[{"id":4364,"href":"https:\/\/escuelademusicaydanza.laorotava.es\/blog\/wp-json\/wp\/v2\/pages\/464\/revisions\/4364"}],"wp:attachment":[{"href":"https:\/\/escuelademusicaydanza.laorotava.es\/blog\/wp-json\/wp\/v2\/media?parent=464"}],"curies":[{"name":"wp","href":"https:\/\/api.w.org\/{rel}","templated":true}]}}