{"id":381,"date":"2017-10-04T12:40:27","date_gmt":"2017-10-04T11:40:27","guid":{"rendered":"http:\/\/escuelademusicaydanza.laorotava.es\/blog\/?page_id=381"},"modified":"2022-10-03T10:03:26","modified_gmt":"2022-10-03T09:03:26","slug":"francisco-jose-hernandez-padron","status":"publish","type":"page","link":"https:\/\/escuelademusicaydanza.laorotava.es\/blog\/profesores\/francisco-jose-hernandez-padron\/","title":{"rendered":"Francisco Jos\u00e9 Hern\u00e1ndez Padr\u00f3n"},"content":{"rendered":"<p>Profesor de Clarinete y Director de la Orquesta<\/p>\n<i class=\"fa fa-comment \" ><\/i> Tutor\u00eda: Martes 15:30 &#8211; 16:30 h<\/p>\n<p><img loading=\"lazy\" decoding=\"async\" data-attachment-id=\"2731\" data-permalink=\"https:\/\/escuelademusicaydanza.laorotava.es\/blog\/profesores\/francisco-jose-hernandez-padron\/dscf1020\/\" data-orig-file=\"https:\/\/escuelademusicaydanza.laorotava.es\/blog\/wp-content\/uploads\/2021\/11\/dscf1020-scaled.jpg\" data-orig-size=\"2560,1707\" data-comments-opened=\"1\" data-image-meta=\"{&quot;aperture&quot;:&quot;2.8&quot;,&quot;credit&quot;:&quot;&quot;,&quot;camera&quot;:&quot;X-T4&quot;,&quot;caption&quot;:&quot;&quot;,&quot;created_timestamp&quot;:&quot;1634726985&quot;,&quot;copyright&quot;:&quot;&quot;,&quot;focal_length&quot;:&quot;23&quot;,&quot;iso&quot;:&quot;800&quot;,&quot;shutter_speed&quot;:&quot;0.005&quot;,&quot;title&quot;:&quot;&quot;,&quot;orientation&quot;:&quot;0&quot;}\" data-image-title=\"FRAN-DSCF1020\" data-image-description=\"\" data-image-caption=\"\" data-medium-file=\"https:\/\/escuelademusicaydanza.laorotava.es\/blog\/wp-content\/uploads\/2021\/11\/dscf1020-300x200.jpg\" data-large-file=\"https:\/\/escuelademusicaydanza.laorotava.es\/blog\/wp-content\/uploads\/2021\/11\/dscf1020-1024x683.jpg\" class=\"alignnone size-medium wp-image-2731\" src=\"https:\/\/escuelademusicaydanza.laorotava.es\/blog\/wp-content\/uploads\/2021\/11\/dscf1020-300x200.jpg\" alt=\"\" width=\"300\" height=\"200\" srcset=\"https:\/\/escuelademusicaydanza.laorotava.es\/blog\/wp-content\/uploads\/2021\/11\/dscf1020-300x200.jpg 300w, https:\/\/escuelademusicaydanza.laorotava.es\/blog\/wp-content\/uploads\/2021\/11\/dscf1020-1024x683.jpg 1024w, https:\/\/escuelademusicaydanza.laorotava.es\/blog\/wp-content\/uploads\/2021\/11\/dscf1020-768x512.jpg 768w, https:\/\/escuelademusicaydanza.laorotava.es\/blog\/wp-content\/uploads\/2021\/11\/dscf1020-1536x1024.jpg 1536w, https:\/\/escuelademusicaydanza.laorotava.es\/blog\/wp-content\/uploads\/2021\/11\/dscf1020-2048x1365.jpg 2048w, https:\/\/escuelademusicaydanza.laorotava.es\/blog\/wp-content\/uploads\/2021\/11\/dscf1020-772x515.jpg 772w, https:\/\/escuelademusicaydanza.laorotava.es\/blog\/wp-content\/uploads\/2021\/11\/dscf1020-624x416.jpg 624w\" sizes=\"auto, (max-width: 300px) 100vw, 300px\" \/><img loading=\"lazy\" decoding=\"async\" data-attachment-id=\"2718\" data-permalink=\"https:\/\/escuelademusicaydanza.laorotava.es\/blog\/profesores\/francisco-jose-hernandez-padron\/dscf0794\/\" data-orig-file=\"https:\/\/escuelademusicaydanza.laorotava.es\/blog\/wp-content\/uploads\/2021\/11\/dscf0794-scaled.jpg\" data-orig-size=\"2560,1707\" data-comments-opened=\"1\" data-image-meta=\"{&quot;aperture&quot;:&quot;2&quot;,&quot;credit&quot;:&quot;&quot;,&quot;camera&quot;:&quot;X-T4&quot;,&quot;caption&quot;:&quot;&quot;,&quot;created_timestamp&quot;:&quot;1634725929&quot;,&quot;copyright&quot;:&quot;&quot;,&quot;focal_length&quot;:&quot;23&quot;,&quot;iso&quot;:&quot;500&quot;,&quot;shutter_speed&quot;:&quot;0.002&quot;,&quot;title&quot;:&quot;&quot;,&quot;orientation&quot;:&quot;1&quot;}\" data-image-title=\"FRAN-DSCF0794\" data-image-description=\"\" data-image-caption=\"\" data-medium-file=\"https:\/\/escuelademusicaydanza.laorotava.es\/blog\/wp-content\/uploads\/2021\/11\/dscf0794-300x200.jpg\" data-large-file=\"https:\/\/escuelademusicaydanza.laorotava.es\/blog\/wp-content\/uploads\/2021\/11\/dscf0794-1024x683.jpg\" class=\"size-medium wp-image-2718 alignright\" src=\"https:\/\/escuelademusicaydanza.laorotava.es\/blog\/wp-content\/uploads\/2021\/11\/dscf0794-300x200.jpg\" alt=\"\" width=\"300\" height=\"200\" srcset=\"https:\/\/escuelademusicaydanza.laorotava.es\/blog\/wp-content\/uploads\/2021\/11\/dscf0794-300x200.jpg 300w, https:\/\/escuelademusicaydanza.laorotava.es\/blog\/wp-content\/uploads\/2021\/11\/dscf0794-1024x683.jpg 1024w, https:\/\/escuelademusicaydanza.laorotava.es\/blog\/wp-content\/uploads\/2021\/11\/dscf0794-768x512.jpg 768w, https:\/\/escuelademusicaydanza.laorotava.es\/blog\/wp-content\/uploads\/2021\/11\/dscf0794-1536x1024.jpg 1536w, https:\/\/escuelademusicaydanza.laorotava.es\/blog\/wp-content\/uploads\/2021\/11\/dscf0794-2048x1365.jpg 2048w, https:\/\/escuelademusicaydanza.laorotava.es\/blog\/wp-content\/uploads\/2021\/11\/dscf0794-772x515.jpg 772w, https:\/\/escuelademusicaydanza.laorotava.es\/blog\/wp-content\/uploads\/2021\/11\/dscf0794-624x416.jpg 624w\" sizes=\"auto, (max-width: 300px) 100vw, 300px\" \/><\/p>\n\n\n<p><span style=\"font-family: Verdana, sans-serif;\">Natural de La Orotava se form\u00f3 en el Conservatorio Superior de M\u00fasica de Santa\u00a0<\/span><span style=\"font-family: Verdana, sans-serif;\">Cruz de Tenerife en la especialidad de clarinete.<\/span><\/p>\n<p><span style=\"font-family: Verdana, sans-serif;\">A lo largo de su trayectoria ha trabajado con solistas y profesores de renombre\u00a0<\/span><span style=\"font-family: Verdana, sans-serif;\">internacional que pertenecen a distintas orquestas mundiales. Asimismo se ha formado\u00a0<\/span><span style=\"font-family: Verdana, sans-serif;\">en diversas especialidades como direcci\u00f3n de orquesta, banda, coro y flauta de pico,<\/span><span style=\"font-family: Verdana, sans-serif;\">trabajando con profesores de prestigio. Es licenciado en Music Direction Symphony\u00a0<\/span><span style=\"font-family: Verdana, sans-serif;\">Orchestra por la ABRSM de Londres.<\/span><\/p>\n<p><span style=\"font-family: Verdana, sans-serif;\">Ha sido miembro titular de la Joven Orquesta de Canarias as\u00ed como colaborador en\u00a0<\/span><span style=\"font-family: Verdana, sans-serif;\">distintas formaciones instrumentales y vocales, actuando en el \u00e1mbito nacional e\u00a0<\/span><span style=\"font-family: Verdana, sans-serif;\">internacional, como la Orquesta Sinf\u00f3nica de Tenerife (flauta de pico), Orquesta\u00a0<\/span><span style=\"font-family: Verdana, sans-serif;\">Barroca de Tenerife, Canarian Clarinet Camerata, Coral Reyes Bartlet, Ensamble Vocal\u00a0<\/span><span style=\"font-family: Verdana, sans-serif;\">de Tenerife, Coral Polifon\u00eda de La Orotava, \u2026<\/span><\/p>\n<p><span style=\"font-family: Verdana, sans-serif;\">Como solista ha actuado en diversos festivales y escenarios dentro y fuera del\u00a0<\/span><span style=\"font-family: Verdana, sans-serif;\">panorama nacional as\u00ed como en diversas formaciones camer\u00edsticas, con las que tambi\u00e9n\u00a0<\/span><span style=\"font-family: Verdana, sans-serif;\">ha grabado obras de estreno.<\/span><\/p>\n<p><span style=\"font-family: Verdana, sans-serif;\">Ha sido director de la S.M. Filarm\u00f3nica de Los Realejos as\u00ed como del coro Nuestra\u00a0<\/span><span style=\"font-family: Verdana, sans-serif;\">Se\u00f1ora del Carmen.<\/span><\/p>\n","protected":false},"excerpt":{"rendered":"<p>Profesor de Clarinete y Director de la Orquesta Tutor\u00eda: Martes 15:30 &#8211; 16:30 h Natural de La Orotava se form\u00f3 en el Conservatorio Superior de M\u00fasica de Santa\u00a0Cruz de Tenerife en la especialidad de clarinete. A lo largo de su trayectoria ha trabajado con solistas y profesores de renombre\u00a0internacional que pertenecen a distintas orquestas mundiales. &hellip; <a href=\"https:\/\/escuelademusicaydanza.laorotava.es\/blog\/profesores\/francisco-jose-hernandez-padron\/\" class=\"more-link\">Sigue leyendo <span class=\"screen-reader-text\">Francisco Jos\u00e9 Hern\u00e1ndez Padr\u00f3n<\/span><\/a><\/p>\n","protected":false},"author":1,"featured_media":421,"parent":371,"menu_order":0,"comment_status":"closed","ping_status":"closed","template":"","meta":{"jetpack_post_was_ever_published":false,"footnotes":""},"class_list":["post-381","page","type-page","status-publish","has-post-thumbnail","hentry"],"jetpack_sharing_enabled":true,"jetpack_likes_enabled":true,"jetpack-related-posts":[],"_links":{"self":[{"href":"https:\/\/escuelademusicaydanza.laorotava.es\/blog\/wp-json\/wp\/v2\/pages\/381","targetHints":{"allow":["GET"]}}],"collection":[{"href":"https:\/\/escuelademusicaydanza.laorotava.es\/blog\/wp-json\/wp\/v2\/pages"}],"about":[{"href":"https:\/\/escuelademusicaydanza.laorotava.es\/blog\/wp-json\/wp\/v2\/types\/page"}],"author":[{"embeddable":true,"href":"https:\/\/escuelademusicaydanza.laorotava.es\/blog\/wp-json\/wp\/v2\/users\/1"}],"replies":[{"embeddable":true,"href":"https:\/\/escuelademusicaydanza.laorotava.es\/blog\/wp-json\/wp\/v2\/comments?post=381"}],"version-history":[{"count":7,"href":"https:\/\/escuelademusicaydanza.laorotava.es\/blog\/wp-json\/wp\/v2\/pages\/381\/revisions"}],"predecessor-version":[{"id":3230,"href":"https:\/\/escuelademusicaydanza.laorotava.es\/blog\/wp-json\/wp\/v2\/pages\/381\/revisions\/3230"}],"up":[{"embeddable":true,"href":"https:\/\/escuelademusicaydanza.laorotava.es\/blog\/wp-json\/wp\/v2\/pages\/371"}],"wp:featuredmedia":[{"embeddable":true,"href":"https:\/\/escuelademusicaydanza.laorotava.es\/blog\/wp-json\/wp\/v2\/media\/421"}],"wp:attachment":[{"href":"https:\/\/escuelademusicaydanza.laorotava.es\/blog\/wp-json\/wp\/v2\/media?parent=381"}],"curies":[{"name":"wp","href":"https:\/\/api.w.org\/{rel}","templated":true}]}}