{"id":377,"date":"2017-10-04T12:39:27","date_gmt":"2017-10-04T11:39:27","guid":{"rendered":"http:\/\/escuelademusicaydanza.laorotava.es\/blog\/?page_id=377"},"modified":"2022-10-06T15:47:58","modified_gmt":"2022-10-06T14:47:58","slug":"sabina-afonso-sprungmann","status":"publish","type":"page","link":"https:\/\/escuelademusicaydanza.laorotava.es\/blog\/profesores\/sabina-afonso-sprungmann\/","title":{"rendered":"Sabina Afonso Sprungmann"},"content":{"rendered":"<p>Profesora de Piano<\/p>\n<i class=\"fa fa-comment \" ><\/i> Tutor\u00eda: Martes 15:00h a 15:30h y Viernes 12:30 a 13:00<\/p>\n<p><img loading=\"lazy\" decoding=\"async\" data-attachment-id=\"2712\" data-permalink=\"https:\/\/escuelademusicaydanza.laorotava.es\/blog\/profesores\/sabina-afonso-sprungmann\/dscf0665\/\" data-orig-file=\"https:\/\/escuelademusicaydanza.laorotava.es\/blog\/wp-content\/uploads\/2021\/11\/dscf0665-scaled.jpg\" data-orig-size=\"2560,1707\" data-comments-opened=\"1\" data-image-meta=\"{&quot;aperture&quot;:&quot;2&quot;,&quot;credit&quot;:&quot;&quot;,&quot;camera&quot;:&quot;X-T4&quot;,&quot;caption&quot;:&quot;&quot;,&quot;created_timestamp&quot;:&quot;1634725179&quot;,&quot;copyright&quot;:&quot;&quot;,&quot;focal_length&quot;:&quot;23&quot;,&quot;iso&quot;:&quot;2000&quot;,&quot;shutter_speed&quot;:&quot;0.01&quot;,&quot;title&quot;:&quot;&quot;,&quot;orientation&quot;:&quot;1&quot;}\" data-image-title=\"SABINA-DSCF0665\" data-image-description=\"\" data-image-caption=\"\" data-medium-file=\"https:\/\/escuelademusicaydanza.laorotava.es\/blog\/wp-content\/uploads\/2021\/11\/dscf0665-300x200.jpg\" data-large-file=\"https:\/\/escuelademusicaydanza.laorotava.es\/blog\/wp-content\/uploads\/2021\/11\/dscf0665-1024x683.jpg\" class=\"alignnone size-medium wp-image-2712 aligncenter\" src=\"https:\/\/escuelademusicaydanza.laorotava.es\/blog\/wp-content\/uploads\/2021\/11\/dscf0665-300x200.jpg\" alt=\"\" width=\"300\" height=\"200\" srcset=\"https:\/\/escuelademusicaydanza.laorotava.es\/blog\/wp-content\/uploads\/2021\/11\/dscf0665-300x200.jpg 300w, https:\/\/escuelademusicaydanza.laorotava.es\/blog\/wp-content\/uploads\/2021\/11\/dscf0665-1024x683.jpg 1024w, https:\/\/escuelademusicaydanza.laorotava.es\/blog\/wp-content\/uploads\/2021\/11\/dscf0665-768x512.jpg 768w, https:\/\/escuelademusicaydanza.laorotava.es\/blog\/wp-content\/uploads\/2021\/11\/dscf0665-1536x1024.jpg 1536w, https:\/\/escuelademusicaydanza.laorotava.es\/blog\/wp-content\/uploads\/2021\/11\/dscf0665-2048x1365.jpg 2048w, https:\/\/escuelademusicaydanza.laorotava.es\/blog\/wp-content\/uploads\/2021\/11\/dscf0665-772x515.jpg 772w, https:\/\/escuelademusicaydanza.laorotava.es\/blog\/wp-content\/uploads\/2021\/11\/dscf0665-624x416.jpg 624w\" sizes=\"auto, (max-width: 300px) 100vw, 300px\" \/><\/p>\n<p class=\"western\">Acab\u00f3 sus estudios superiores de piano en el a\u00f1o 2000 en el Conservatorio de Santa Cruz de Tenerife.<\/p>\n<p class=\"western\">Comienza a impartir clases en la Academia Musical Orotava en el a\u00f1o 96 compaginando sus estudios con su labor docente.<\/p>\n<p class=\"western\">Desde el a\u00f1o 2002 es profesora de La Escuela Municipal de M\u00fasica y Danza \u201c Villa de La Orotava\u201d donde adem\u00e1s de impartir clases de piano es pianista acompa\u00f1ante del aula de Danza Espa\u00f1ola.<\/p>\n<p class=\"western\">Siempre supe que quer\u00eda ense\u00f1ar y ese ha sido mi objetivo desde el principio.<\/p>\n","protected":false},"excerpt":{"rendered":"<p>Profesora de Piano Tutor\u00eda: Martes 15:00h a 15:30h y Viernes 12:30 a 13:00 Acab\u00f3 sus estudios superiores de piano en el a\u00f1o 2000 en el Conservatorio de Santa Cruz de Tenerife. Comienza a impartir clases en la Academia Musical Orotava en el a\u00f1o 96 compaginando sus estudios con su labor docente. Desde el a\u00f1o 2002 &hellip; <a href=\"https:\/\/escuelademusicaydanza.laorotava.es\/blog\/profesores\/sabina-afonso-sprungmann\/\" class=\"more-link\">Sigue leyendo <span class=\"screen-reader-text\">Sabina Afonso Sprungmann<\/span><\/a><\/p>\n","protected":false},"author":14,"featured_media":422,"parent":371,"menu_order":0,"comment_status":"closed","ping_status":"closed","template":"","meta":{"jetpack_post_was_ever_published":false,"footnotes":""},"class_list":["post-377","page","type-page","status-publish","has-post-thumbnail","hentry"],"jetpack_sharing_enabled":true,"jetpack_likes_enabled":true,"jetpack-related-posts":[],"_links":{"self":[{"href":"https:\/\/escuelademusicaydanza.laorotava.es\/blog\/wp-json\/wp\/v2\/pages\/377","targetHints":{"allow":["GET"]}}],"collection":[{"href":"https:\/\/escuelademusicaydanza.laorotava.es\/blog\/wp-json\/wp\/v2\/pages"}],"about":[{"href":"https:\/\/escuelademusicaydanza.laorotava.es\/blog\/wp-json\/wp\/v2\/types\/page"}],"author":[{"embeddable":true,"href":"https:\/\/escuelademusicaydanza.laorotava.es\/blog\/wp-json\/wp\/v2\/users\/14"}],"replies":[{"embeddable":true,"href":"https:\/\/escuelademusicaydanza.laorotava.es\/blog\/wp-json\/wp\/v2\/comments?post=377"}],"version-history":[{"count":9,"href":"https:\/\/escuelademusicaydanza.laorotava.es\/blog\/wp-json\/wp\/v2\/pages\/377\/revisions"}],"predecessor-version":[{"id":3293,"href":"https:\/\/escuelademusicaydanza.laorotava.es\/blog\/wp-json\/wp\/v2\/pages\/377\/revisions\/3293"}],"up":[{"embeddable":true,"href":"https:\/\/escuelademusicaydanza.laorotava.es\/blog\/wp-json\/wp\/v2\/pages\/371"}],"wp:featuredmedia":[{"embeddable":true,"href":"https:\/\/escuelademusicaydanza.laorotava.es\/blog\/wp-json\/wp\/v2\/media\/422"}],"wp:attachment":[{"href":"https:\/\/escuelademusicaydanza.laorotava.es\/blog\/wp-json\/wp\/v2\/media?parent=377"}],"curies":[{"name":"wp","href":"https:\/\/api.w.org\/{rel}","templated":true}]}}