{"id":466,"date":"2017-10-04T14:35:04","date_gmt":"2017-10-04T13:35:04","guid":{"rendered":"http:\/\/escuelademusicaydanza.laorotava.es\/blog\/?page_id=466"},"modified":"2025-11-17T13:45:54","modified_gmt":"2025-11-17T13:45:54","slug":"departamento-de-danza","status":"publish","type":"page","link":"http:\/\/escuelademusicaydanza.laorotava.es\/blog\/departamento-de-danza\/","title":{"rendered":"Departamento de Danza"},"content":{"rendered":"<h3><\/h3>\n<h3><img loading=\"lazy\" decoding=\"async\" data-attachment-id=\"2726\" data-permalink=\"http:\/\/escuelademusicaydanza.laorotava.es\/blog\/departamento-de-danza\/dscf0912\/\" data-orig-file=\"http:\/\/escuelademusicaydanza.laorotava.es\/blog\/wp-content\/uploads\/2021\/11\/dscf0912-scaled.jpg\" data-orig-size=\"2560,1714\" data-comments-opened=\"1\" data-image-meta=\"{&quot;aperture&quot;:&quot;2.5&quot;,&quot;credit&quot;:&quot;&quot;,&quot;camera&quot;:&quot;X-T4&quot;,&quot;caption&quot;:&quot;&quot;,&quot;created_timestamp&quot;:&quot;1634726691&quot;,&quot;copyright&quot;:&quot;&quot;,&quot;focal_length&quot;:&quot;23&quot;,&quot;iso&quot;:&quot;160&quot;,&quot;shutter_speed&quot;:&quot;0.005&quot;,&quot;title&quot;:&quot;&quot;,&quot;orientation&quot;:&quot;1&quot;}\" data-image-title=\"DANZA-DSCF0912\" data-image-description=\"\" data-image-caption=\"\" data-medium-file=\"http:\/\/escuelademusicaydanza.laorotava.es\/blog\/wp-content\/uploads\/2021\/11\/dscf0912-300x201.jpg\" data-large-file=\"http:\/\/escuelademusicaydanza.laorotava.es\/blog\/wp-content\/uploads\/2021\/11\/dscf0912-1024x686.jpg\" class=\"alignnone size-medium wp-image-2726 aligncenter\" src=\"https:\/\/escuelademusicaydanza.laorotava.es\/blog\/wp-content\/uploads\/2021\/11\/dscf0912-300x201.jpg\" alt=\"\" width=\"300\" height=\"201\" srcset=\"http:\/\/escuelademusicaydanza.laorotava.es\/blog\/wp-content\/uploads\/2021\/11\/dscf0912-300x201.jpg 300w, http:\/\/escuelademusicaydanza.laorotava.es\/blog\/wp-content\/uploads\/2021\/11\/dscf0912-1024x686.jpg 1024w, http:\/\/escuelademusicaydanza.laorotava.es\/blog\/wp-content\/uploads\/2021\/11\/dscf0912-768x514.jpg 768w, http:\/\/escuelademusicaydanza.laorotava.es\/blog\/wp-content\/uploads\/2021\/11\/dscf0912-1536x1029.jpg 1536w, http:\/\/escuelademusicaydanza.laorotava.es\/blog\/wp-content\/uploads\/2021\/11\/dscf0912-2048x1371.jpg 2048w, http:\/\/escuelademusicaydanza.laorotava.es\/blog\/wp-content\/uploads\/2021\/11\/dscf0912-772x517.jpg 772w, http:\/\/escuelademusicaydanza.laorotava.es\/blog\/wp-content\/uploads\/2021\/11\/dscf0912-624x418.jpg 624w\" sizes=\"auto, (max-width: 300px) 100vw, 300px\" \/><\/h3>\n<h3><i class=\"fa fa-book \" ><\/i> Actuaciones<\/h3>\n<div style=\"width: 700px;\" class=\"wp-video\"><!--[if lt IE 9]><script>document.createElement('video');<\/script><![endif]-->\n<video class=\"wp-video-shortcode\" id=\"video-466-1\" width=\"700\" height=\"396\" preload=\"metadata\" controls=\"controls\"><source type=\"video\/mp4\" src=\"https:\/\/escuelademusicaydanza.laorotava.es\/blog\/wp-content\/uploads\/2018\/10\/danza.mp4?_=1\" \/><a href=\"https:\/\/escuelademusicaydanza.laorotava.es\/blog\/wp-content\/uploads\/2018\/10\/danza.mp4\">https:\/\/escuelademusicaydanza.laorotava.es\/blog\/wp-content\/uploads\/2018\/10\/danza.mp4<\/a><\/video><\/div>\n<h3><\/h3>\n<h3><i class=\"fa fa-book \" ><\/i> Especialidades<\/h3>\n<h4><span style=\"font-size: 12pt;\">\u00a0 \u00a0 \u00a0<\/span><\/h4>\n<h4><i class=\"fa fa-arrow-circle-right \" ><\/i> Danza Espa\u00f1ola y Taller de Danza Espa\u00f1ola para Adultos<\/h4>\n<p style=\"padding-left: 30px;\"><i class=\"fa fa-arrow-right \" ><\/i>\u00a0<a href=\"http:\/\/escuelademusicaydanza.laorotava.es\/blog\/profesores\/elena-raquel-fernandez-rodriguez\/\">Elena Raquel Fern\u00e1ndez Rodr\u00edguez<\/a><\/p>\n<div id=\"su_slider_69db853376d69\" class=\"su-slider su-slider-centered su-slider-pages-yes su-slider-responsive-yes su-lightbox-gallery\" style=\"width:100%\" data-autoplay=\"0\" data-speed=\"600\" data-mousewheel=\"true\"><div class=\"su-slider-slides\"><div class=\"su-slider-slide\"><a href=\"http:\/\/escuelademusicaydanza.laorotava.es\/blog\/wp-content\/uploads\/2018\/04\/img-20180414-wa0000.jpg\"  title=\"IMG-20180414-WA0000\"><img decoding=\"async\" src=\"http:\/\/escuelademusicaydanza.laorotava.es\/blog\/wp-content\/uploads\/2018\/04\/img-20180414-wa0000-600x300.jpg\" alt=\"IMG-20180414-WA0000\" \/><\/a><\/div><div class=\"su-slider-slide\"><a href=\"http:\/\/escuelademusicaydanza.laorotava.es\/blog\/wp-content\/uploads\/2018\/04\/img-20180414-wa0001.jpg\"  title=\"IMG-20180414-WA0001\"><img decoding=\"async\" src=\"http:\/\/escuelademusicaydanza.laorotava.es\/blog\/wp-content\/uploads\/2018\/04\/img-20180414-wa0001-600x300.jpg\" alt=\"IMG-20180414-WA0001\" \/><\/a><\/div><\/div><div class=\"su-slider-nav\"><div class=\"su-slider-direction\"><span class=\"su-slider-prev\"><\/span><span class=\"su-slider-next\"><\/span><\/div><div class=\"su-slider-pagination\"><\/div><\/div><\/div>\n<div style=\"width: 700px;\" class=\"wp-video\"><video class=\"wp-video-shortcode\" id=\"video-466-2\" width=\"700\" height=\"396\" preload=\"metadata\" controls=\"controls\"><source type=\"video\/mp4\" src=\"https:\/\/escuelademusicaydanza.laorotava.es\/blog\/wp-content\/uploads\/2018\/04\/vid-20180414-wa0002.mp4?_=2\" \/><a href=\"https:\/\/escuelademusicaydanza.laorotava.es\/blog\/wp-content\/uploads\/2018\/04\/vid-20180414-wa0002.mp4\">https:\/\/escuelademusicaydanza.laorotava.es\/blog\/wp-content\/uploads\/2018\/04\/vid-20180414-wa0002.mp4<\/a><\/video><\/div>\n<i class=\"fa fa-book \" ><\/i> Programaci\u00f3n<\/p>\n<p><a href=\"https:\/\/escuelademusicaydanza.laorotava.es\/blog\/wp-content\/uploads\/2025\/11\/fmc_programacion-comun-danza-espanola-y-clasica-25_26.pdf\">FMC_PROGRAMACI\u00d3N COM\u00daN DANZA ESPA\u00d1OLA Y CL\u00c1SICA 25_26<\/a><\/p>\n<p><a href=\"https:\/\/escuelademusicaydanza.laorotava.es\/blog\/wp-content\/uploads\/2024\/02\/danza-espanola-asignaturas-primera-etapa.jpg\">Plan de estudios Danza Espa\u00f1ola &#8211; Primera etapa<\/a><\/p>\n<p><a href=\"https:\/\/escuelademusicaydanza.laorotava.es\/blog\/wp-content\/uploads\/2024\/02\/danza-espanola-asignaturas-segunda-etapa.jpg\">Plan de estudios Danza Espa\u00f1ola &#8211; Segunda etapa<\/a><\/p>\n<p>PIANISTA ACOMPA\u00d1ANTE:\u00a0<a href=\"https:\/\/escuelademusicaydanza.laorotava.es\/blog\/profesores\/sabina-afonso-sprungmann\/\">Sabina Afonso Sprunghann<\/a><\/p>\n<h4><i class=\"fa fa-arrow-circle-right \" ><\/i> Ballet<\/h4>\n<p style=\"padding-left: 30px;\"><i class=\"fa fa-arrow-right \" ><\/i>\u00a0<a href=\"http:\/\/escuelademusicaydanza.laorotava.es\/blog\/profesores\/lydia-bettina-lopez-perez\/\">Lydia Bettina L\u00f3pez P\u00e9rez<\/a><\/p>\n<p>\u00a0 \u00a0 \u00a0 \u00a0 <i class=\"fa fa-book \" ><\/i> Programaci\u00f3n<\/p>\n<p><a href=\"https:\/\/escuelademusicaydanza.laorotava.es\/blog\/wp-content\/uploads\/2025\/11\/fmc_programacion-danza-clasica-25_26.pdf\">FMC_PROGRAMACION DANZA CLASICA 25_26<\/a><\/p>\n<p><a href=\"https:\/\/escuelademusicaydanza.laorotava.es\/blog\/wp-content\/uploads\/2024\/02\/danza-clasica-asignaturas-primera-etapa.jpg\">Plan de estudios Danza Cl\u00e1sica &#8211; Primera etapa<\/a><\/p>\n<p><a href=\"https:\/\/escuelademusicaydanza.laorotava.es\/blog\/wp-content\/uploads\/2024\/02\/danza-clasica-asignaturas-segunda-etapa.jpg\">Plan de estudios Danza Cl\u00e1sica &#8211; Segunda etapa<\/a><\/p>\n<p>PIANISTA ACOMPA\u00d1ANTE:<\/p>\n<h4><i class=\"fa fa-arrow-circle-right \" ><\/i> Danza Espa\u00f1ola Infantil<\/h4>\n<i class=\"fa fa-arrow-right \" ><\/i>\u00a0<a href=\"http:\/\/escuelademusicaydanza.laorotava.es\/blog\/profesores\/elena-raquel-fernandez-rodriguez\/\">Elena Raquel Fern\u00e1ndez Rodr\u00edguez<\/a><\/p>\n<p><span style=\"font-size: inherit;\"><i class=\"fa fa-book \" ><\/i> Programaci\u00f3n<\/span><\/p>\n<p><a href=\"https:\/\/escuelademusicaydanza.laorotava.es\/blog\/wp-content\/uploads\/2025\/11\/fmc_programacion-danza-espanola-infantil-25_26.pdf\">FMC_PROGRAMACI\u00d3N DANZA ESPA\u00d1OLA INFANTIL 25_26<\/a><\/p>\n<h4><i class=\"fa fa-arrow-circle-right \" ><\/i> Taller de Danza Adultos<\/h4>\n<i class=\"fa fa-arrow-right \" ><\/i>\u00a0<a href=\"http:\/\/escuelademusicaydanza.laorotava.es\/blog\/profesores\/elena-raquel-fernandez-rodriguez\/\">Elena Raquel Fern\u00e1ndez Rodr\u00edguez<\/a><\/p>\n<p><span style=\"font-size: inherit;\"><i class=\"fa fa-book \" ><\/i> Programaci\u00f3n<\/span><\/p>\n<p><a href=\"https:\/\/escuelademusicaydanza.laorotava.es\/blog\/wp-content\/uploads\/2025\/11\/fmc_programacion-danza-espanola-adultos-25_26.pdf\">FMC_PROGRAMACI\u00d3N DANZA ESPA\u00d1OLA ADULTOS 25_26<\/a><\/p>\n<h4><i class=\"fa fa-arrow-circle-right \" ><\/i> Taller Juvenil Danza Cl\u00e1sica<\/h4>\n<p style=\"padding-left: 30px;\"><i class=\"fa fa-arrow-right \" ><\/i>\u00a0<a href=\"http:\/\/escuelademusicaydanza.laorotava.es\/blog\/profesores\/lydia-bettina-lopez-perez\/\">Lydia Bettina L\u00f3pez P\u00e9rez<\/a><\/p>\n<p>\u00a0 \u00a0 \u00a0 \u00a0 \u00a0 \u00a0 \u00a0\u00a0\u00a0<i class=\"fa fa-book \" ><\/i> Programaci\u00f3n<\/p>\n<p><a href=\"https:\/\/escuelademusicaydanza.laorotava.es\/blog\/wp-content\/uploads\/2025\/11\/fmc_programacion-taller-juvenil-danza-clasica-25_26.pdf\">FMC_PROGRAMACION TALLER JUVENIL DANZA CLASICA 25_26<\/a><\/p>\n<h4><i class=\"fa fa-arrow-circle-right \" ><\/i> Taller Iniciaci\u00f3n Danza Cl\u00e1sica<\/h4>\n<p style=\"padding-left: 30px;\"><i class=\"fa fa-arrow-right \" ><\/i>\u00a0<a href=\"http:\/\/escuelademusicaydanza.laorotava.es\/blog\/profesores\/lydia-bettina-lopez-perez\/\">Lydia Bettina L\u00f3pez P\u00e9rez<\/a><\/p>\n<p>\u00a0 \u00a0 \u00a0 \u00a0 \u00a0 \u00a0 \u00a0\u00a0\u00a0<i class=\"fa fa-book \" ><\/i> Programaci\u00f3n<\/p>\n<p><a href=\"https:\/\/escuelademusicaydanza.laorotava.es\/blog\/wp-content\/uploads\/2025\/11\/fmc_programacion_taller-adultas-iniciacion-danza-clasica-25_26.pdf\">FMC_PROGRAMACION_TALLER ADULTAS INICIACI\u00d3N DANZA CL\u00c1SICA 25_26<\/a><\/p>\n","protected":false},"excerpt":{"rendered":"<p>Actuaciones Especialidades \u00a0 \u00a0 \u00a0 Danza Espa\u00f1ola y Taller de Danza Espa\u00f1ola para Adultos \u00a0Elena Raquel Fern\u00e1ndez Rodr\u00edguez Programaci\u00f3n FMC_PROGRAMACI\u00d3N COM\u00daN DANZA ESPA\u00d1OLA Y CL\u00c1SICA 25_26 Plan de estudios Danza Espa\u00f1ola &#8211; Primera etapa Plan de estudios Danza Espa\u00f1ola &#8211; Segunda etapa PIANISTA ACOMPA\u00d1ANTE:\u00a0Sabina Afonso Sprunghann Ballet \u00a0Lydia Bettina L\u00f3pez P\u00e9rez \u00a0 \u00a0 \u00a0 \u00a0 &hellip; <a href=\"http:\/\/escuelademusicaydanza.laorotava.es\/blog\/departamento-de-danza\/\" class=\"more-link\">Sigue leyendo <span class=\"screen-reader-text\">Departamento de Danza<\/span><\/a><\/p>\n","protected":false},"author":14,"featured_media":0,"parent":0,"menu_order":0,"comment_status":"closed","ping_status":"closed","template":"","meta":{"jetpack_post_was_ever_published":false,"footnotes":""},"class_list":["post-466","page","type-page","status-publish","hentry"],"jetpack_sharing_enabled":true,"jetpack_likes_enabled":true,"jetpack-related-posts":[],"_links":{"self":[{"href":"http:\/\/escuelademusicaydanza.laorotava.es\/blog\/wp-json\/wp\/v2\/pages\/466","targetHints":{"allow":["GET"]}}],"collection":[{"href":"http:\/\/escuelademusicaydanza.laorotava.es\/blog\/wp-json\/wp\/v2\/pages"}],"about":[{"href":"http:\/\/escuelademusicaydanza.laorotava.es\/blog\/wp-json\/wp\/v2\/types\/page"}],"author":[{"embeddable":true,"href":"http:\/\/escuelademusicaydanza.laorotava.es\/blog\/wp-json\/wp\/v2\/users\/14"}],"replies":[{"embeddable":true,"href":"http:\/\/escuelademusicaydanza.laorotava.es\/blog\/wp-json\/wp\/v2\/comments?post=466"}],"version-history":[{"count":34,"href":"http:\/\/escuelademusicaydanza.laorotava.es\/blog\/wp-json\/wp\/v2\/pages\/466\/revisions"}],"predecessor-version":[{"id":4361,"href":"http:\/\/escuelademusicaydanza.laorotava.es\/blog\/wp-json\/wp\/v2\/pages\/466\/revisions\/4361"}],"wp:attachment":[{"href":"http:\/\/escuelademusicaydanza.laorotava.es\/blog\/wp-json\/wp\/v2\/media?parent=466"}],"curies":[{"name":"wp","href":"https:\/\/api.w.org\/{rel}","templated":true}]}}